[INFO] cloning repository https://github.com/Vinatorul/Xondara
[INFO] running `Command { std: "git" "-c" "credential.helper=" "-c" "credential.helper=/workspace/cargo-home/bin/git-credential-null" "clone" "--bare" "https://github.com/Vinatorul/Xondara" "/workspace/cache/git-repos/https%3A%2F%2Fgithub.com%2FVinatorul%2FXondara", kill_on_drop: false }`
[INFO] [stderr] Cloning into bare repository '/workspace/cache/git-repos/https%3A%2F%2Fgithub.com%2FVinatorul%2FXondara'...
[INFO] running `Command { std: "git" "rev-parse" "HEAD", kill_on_drop: false }`
[INFO] [stdout] 4f9341e1cffca71bc9d0153b6efc7f260175aa12
[INFO] checking Vinatorul/Xondara against try#72f88fc4e9458f89516a0b8b0868f3718aec5b47 for pr-74989
[INFO] running `Command { std: "git" "clone" "/workspace/cache/git-repos/https%3A%2F%2Fgithub.com%2FVinatorul%2FXondara" "/workspace/builds/worker-5/source", kill_on_drop: false }`
[INFO] [stderr] Cloning into '/workspace/builds/worker-5/source'...
[INFO] [stderr] done.
[INFO] validating manifest of git repo https://github.com/Vinatorul/Xondara on toolchain 72f88fc4e9458f89516a0b8b0868f3718aec5b47
[INFO] running `Command { std: "/workspace/cargo-home/bin/cargo" "+72f88fc4e9458f89516a0b8b0868f3718aec5b47" "read-manifest" "--manifest-path" "Cargo.toml", kill_on_drop: false }`
[INFO] started tweaking git repo https://github.com/Vinatorul/Xondara
[INFO] finished tweaking git repo https://github.com/Vinatorul/Xondara
[INFO] tweaked toml for git repo https://github.com/Vinatorul/Xondara written to /workspace/builds/worker-5/source/Cargo.toml
[INFO] crate git repo https://github.com/Vinatorul/Xondara already has a lockfile, it will not be regenerated
[INFO] running `Command { std: "/workspace/cargo-home/bin/cargo" "+72f88fc4e9458f89516a0b8b0868f3718aec5b47" "fetch" "--locked" "--manifest-path" "Cargo.toml", kill_on_drop: false }`
[INFO] [stderr] error: the lock file /workspace/builds/worker-5/source/Cargo.lock needs to be updated but --locked was passed to prevent this
[INFO] [stderr] If you want to try to generate the lock file without accessing the network, use the --offline flag.
[INFO] the lockfile is outdated, regenerating it
[INFO] running `Command { std: "/workspace/cargo-home/bin/cargo" "+72f88fc4e9458f89516a0b8b0868f3718aec5b47" "generate-lockfile" "--manifest-path" "Cargo.toml" "-Zno-index-update", kill_on_drop: false }`
[INFO] running `Command { std: "/workspace/cargo-home/bin/cargo" "+72f88fc4e9458f89516a0b8b0868f3718aec5b47" "fetch" "--locked" "--manifest-path" "Cargo.toml", kill_on_drop: false }`
[INFO] [stderr]  Downloading crates ...
[INFO] [stderr]   Downloaded gfx_window_glutin v0.31.0
[INFO] running `Command { std: "docker" "create" "-v" "/var/lib/crater-agent-workspace/builds/worker-5/target:/opt/rustwide/target:rw,Z" "-v" "/var/lib/crater-agent-workspace/builds/worker-5/source:/opt/rustwide/workdir:ro,Z" "-v" "/var/lib/crater-agent-workspace/cargo-home:/opt/rustwide/cargo-home:ro,Z" "-v" "/var/lib/crater-agent-workspace/rustup-home:/opt/rustwide/rustup-home:ro,Z" "-e" "SOURCE_DIR=/opt/rustwide/workdir" "-e" "CARGO_TARGET_DIR=/opt/rustwide/target" "-e" "CARGO_HOME=/opt/rustwide/cargo-home" "-e" "RUSTUP_HOME=/opt/rustwide/rustup-home" "-w" "/opt/rustwide/workdir" "-m" "1610612736" "--user" "0:0" "--network" "none" "rustops/crates-build-env@sha256:d92eaeed33fa75130ca1ee6c8a01d1ffb62bac859dfdfb3450e3e5d1c0146529" "/opt/rustwide/cargo-home/bin/cargo" "+72f88fc4e9458f89516a0b8b0868f3718aec5b47" "metadata" "--no-deps" "--format-version=1", kill_on_drop: false }`
[INFO] [stderr] WARNING: Your kernel does not support swap limit capabilities or the cgroup is not mounted. Memory limited without swap.
[INFO] [stdout] dfc3f052383c9ab7a21c9eab9fb2f7d0925f6334986d5f67c42924d29629a8ff
[INFO] running `Command { std: "docker" "start" "-a" "dfc3f052383c9ab7a21c9eab9fb2f7d0925f6334986d5f67c42924d29629a8ff", kill_on_drop: false }`
[INFO] running `Command { std: "docker" "inspect" "dfc3f052383c9ab7a21c9eab9fb2f7d0925f6334986d5f67c42924d29629a8ff", kill_on_drop: false }`
[INFO] running `Command { std: "docker" "rm" "-f" "dfc3f052383c9ab7a21c9eab9fb2f7d0925f6334986d5f67c42924d29629a8ff", kill_on_drop: false }`
[INFO] [stdout] dfc3f052383c9ab7a21c9eab9fb2f7d0925f6334986d5f67c42924d29629a8ff
[INFO] running `Command { std: "docker" "create" "-v" "/var/lib/crater-agent-workspace/builds/worker-5/target:/opt/rustwide/target:rw,Z" "-v" "/var/lib/crater-agent-workspace/builds/worker-5/source:/opt/rustwide/workdir:ro,Z" "-v" "/var/lib/crater-agent-workspace/cargo-home:/opt/rustwide/cargo-home:ro,Z" "-v" "/var/lib/crater-agent-workspace/rustup-home:/opt/rustwide/rustup-home:ro,Z" "-e" "SOURCE_DIR=/opt/rustwide/workdir" "-e" "CARGO_TARGET_DIR=/opt/rustwide/target" "-e" "CARGO_INCREMENTAL=0" "-e" "RUST_BACKTRACE=full" "-e" "RUSTFLAGS=--cap-lints=forbid" "-e" "CARGO_HOME=/opt/rustwide/cargo-home" "-e" "RUSTUP_HOME=/opt/rustwide/rustup-home" "-w" "/opt/rustwide/workdir" "-m" "1610612736" "--user" "0:0" "--network" "none" "rustops/crates-build-env@sha256:d92eaeed33fa75130ca1ee6c8a01d1ffb62bac859dfdfb3450e3e5d1c0146529" "/opt/rustwide/cargo-home/bin/cargo" "+72f88fc4e9458f89516a0b8b0868f3718aec5b47" "check" "--frozen" "--all" "--all-targets" "--message-format=json", kill_on_drop: false }`
[INFO] [stderr] WARNING: Your kernel does not support swap limit capabilities or the cgroup is not mounted. Memory limited without swap.
[INFO] [stdout] dfab62a82c63d96a0427c9a62a4a15a83a275f567318567a74ea176fdd3573e3
[INFO] running `Command { std: "docker" "start" "-a" "dfab62a82c63d96a0427c9a62a4a15a83a275f567318567a74ea176fdd3573e3", kill_on_drop: false }`
[INFO] [stderr]     Checking cfg-if v0.1.10
[INFO] [stderr]    Compiling xml-rs v0.8.3
[INFO] [stderr]    Compiling log v0.4.11
[INFO] [stderr]    Compiling proc-macro2 v0.4.30
[INFO] [stderr]    Compiling bitflags v1.2.1
[INFO] [stderr]     Checking lazy_static v1.4.0
[INFO] [stderr]    Compiling libloading v0.6.3
[INFO] [stderr]    Compiling byteorder v1.3.4
[INFO] [stderr]    Compiling nix v0.14.1
[INFO] [stderr]    Compiling khronos_api v3.1.0
[INFO] [stderr]     Checking void v1.0.2
[INFO] [stderr]    Compiling maybe-uninit v2.0.0
[INFO] [stderr]    Compiling semver-parser v0.7.0
[INFO] [stderr]     Checking downcast-rs v1.2.0
[INFO] [stderr]     Checking same-file v1.0.6
[INFO] [stderr]    Compiling pkg-config v0.3.18
[INFO] [stderr]     Checking scopeguard v1.1.0
[INFO] [stderr]     Checking slab v0.4.2
[INFO] [stderr]     Checking xdg v2.2.0
[INFO] [stderr]     Checking lazycell v1.3.0
[INFO] [stderr]    Compiling cc v1.0.59
[INFO] [stderr]     Checking percent-encoding v2.1.0
[INFO] [stderr]    Compiling crc32fast v1.2.0
[INFO] [stderr]     Checking smallvec v1.4.2
[INFO] [stderr]     Checking adler32 v1.2.0
[INFO] [stderr]     Checking instant v0.1.6
[INFO] [stderr]    Compiling num-integer v0.1.43
[INFO] [stderr]    Compiling num-rational v0.2.4
[INFO] [stderr]    Compiling num-iter v0.1.41
[INFO] [stderr]     Checking lock_api v0.3.4
[INFO] [stderr]     Checking walkdir v2.3.1
[INFO] [stderr]    Compiling semver v0.9.0
[INFO] [stderr]     Checking inflate v0.4.5
[INFO] [stderr]     Checking iovec v0.1.4
[INFO] [stderr]     Checking net2 v0.2.35
[INFO] [stderr]     Checking memmap v0.7.0
[INFO] [stderr]     Checking raw-window-handle v0.3.3
[INFO] [stderr]     Checking shared_library v0.1.9
[INFO] [stderr]     Checking parking_lot_core v0.7.2
[INFO] [stderr]     Checking ordered-float v1.1.0
[INFO] [stderr]     Checking approx v0.3.2
[INFO] [stderr]     Checking line_drawing v0.7.0
[INFO] [stderr]     Checking osmesa-sys v0.1.2
[INFO] [stderr]     Checking dlib v0.4.2
[INFO] [stderr]     Checking smallvec v0.6.13
[INFO] [stderr]     Checking draw_state v0.8.0
[INFO] [stderr]    Compiling rustc_version v0.2.3
[INFO] [stderr]    Compiling gl_generator v0.14.0
[INFO] [stderr]     Checking mio v0.6.22
[INFO] [stderr]     Checking parking_lot v0.10.2
[INFO] [stderr]     Checking wayland-sys v0.21.13
[INFO] [stderr]     Checking wayland-sys v0.23.6
[INFO] [stderr]    Compiling x11-dl v2.18.5
[INFO] [stderr]    Compiling quote v0.6.13
[INFO] [stderr]     Checking stb_truetype v0.3.1
[INFO] [stderr]     Checking deflate v0.7.20
[INFO] [stderr]     Checking gfx_core v0.9.2
[INFO] [stderr]    Compiling wayland-scanner v0.21.13
[INFO] [stderr]    Compiling wayland-scanner v0.23.6
[INFO] [stderr]    Compiling parking_lot_core v0.6.2
[INFO] [stderr]    Compiling parking_lot v0.9.0
[INFO] [stderr]     Checking rusttype v0.8.3
[INFO] [stderr]     Checking png v0.15.3
[INFO] [stderr]     Checking mio-extras v2.0.6
[INFO] [stderr]     Checking rusttype v0.7.9
[INFO] [stderr]     Checking andrew v0.2.1
[INFO] [stderr]    Compiling libloading v0.5.2
[INFO] [stderr]     Checking image v0.22.5
[INFO] [stderr]    Compiling glutin_egl_sys v0.1.5
[INFO] [stderr]    Compiling glutin_glx_sys v0.1.7
[INFO] [stderr]    Compiling gfx_gl v0.6.1
[INFO] [stderr]    Compiling wayland-client v0.21.13
[INFO] [stderr]    Compiling wayland-protocols v0.21.13
[INFO] [stderr]    Compiling wayland-client v0.23.6
[INFO] [stderr]    Compiling wayland-protocols v0.23.6
[INFO] [stderr]     Checking gfx v0.18.2
[INFO] [stderr]     Checking wayland-commons v0.21.13
[INFO] [stderr]     Checking calloop v0.4.4
[INFO] [stderr]     Checking wayland-commons v0.23.6
[INFO] [stderr]     Checking gfx_device_gl v0.16.2
[INFO] [stderr]     Checking smithay-client-toolkit v0.4.6
[INFO] [stderr]     Checking smithay-client-toolkit v0.6.6
[INFO] [stderr]     Checking winit v0.19.5
[INFO] [stderr]     Checking winit v0.22.2
[INFO] [stderr]     Checking glutin v0.21.2
[INFO] [stderr]     Checking gfx_window_glutin v0.31.0
[INFO] [stderr]     Checking glutin v0.24.1
[INFO] [stderr]     Checking xondara v0.1.0 (/opt/rustwide/workdir)
[INFO] [stdout] error[E0432]: unresolved import `gfx::tex`
[INFO] [stdout]  --> src/visualizer.rs:3:19
[INFO] [stdout]   |
[INFO] [stdout] 3 | use gfx::{Bundle, tex};
[INFO] [stdout]   |                   ^^^ no `tex` in the root
[INFO] [stdout] 
[INFO] [stdout] 
[INFO] [stdout] error[E0432]: unresolved import `gfx::tex`
[INFO] [stdout]  --> src/common.rs:3:5
[INFO] [stdout]   |
[INFO] [stdout] 3 | use gfx::tex;
[INFO] [stdout]   |     ^^^^^^^^ no `tex` in the root
[INFO] [stdout] 
[INFO] [stdout] 
[INFO] [stdout] error[E0432]: unresolved import `gfx::tex`
[INFO] [stdout]  --> src/visualizer.rs:3:19
[INFO] [stdout]   |
[INFO] [stdout] 3 | use gfx::{Bundle, tex};
[INFO] [stdout]   |                   ^^^ no `tex` in the root
[INFO] [stdout] 
[INFO] [stdout] 
[INFO] [stdout] error[E0432]: unresolved import `gfx::tex`
[INFO] [stdout]  --> src/common.rs:3:5
[INFO] [stdout]   |
[INFO] [stdout] 3 | use gfx::tex;
[INFO] [stdout]   |     ^^^^^^^^ no `tex` in the root
[INFO] [stdout] 
[INFO] [stdout] 
[INFO] [stdout] error[E0433]: failed to resolve: could not find `Event` in `glutin`
[INFO] [stdout]   --> src/main.rs:31:25
[INFO] [stdout]    |
[INFO] [stdout] 31 |                 glutin::Event::KeyboardInput(_, _, Some(glutin::VirtualKeyCode::Escape)) |
[INFO] [stdout]    |                         ^^^^^ could not find `Event` in `glutin`
[INFO] [stdout] 
[INFO] [stdout] 
[INFO] [stdout] error[E0433]: failed to resolve: could not find `VirtualKeyCode` in `glutin`
[INFO] [stdout]   --> src/main.rs:31:65
[INFO] [stdout]    |
[INFO] [stdout] 31 |                 glutin::Event::KeyboardInput(_, _, Some(glutin::VirtualKeyCode::Escape)) |
[INFO] [stdout]    |                                                                 ^^^^^^^^^^^^^^ could not find `VirtualKeyCode` in `glutin`
[INFO] [stdout] 
[INFO] [stdout] 
[INFO] [stdout] error[E0433]: failed to resolve: could not find `Event` in `glutin`
[INFO] [stdout]   --> src/main.rs:32:25
[INFO] [stdout]    |
[INFO] [stdout] 32 |                 glutin::Event::Closed => break 'main,
[INFO] [stdout]    |                         ^^^^^ could not find `Event` in `glutin`
[INFO] [stdout] 
[INFO] [stdout] 
[INFO] [stdout] error[E0433]: failed to resolve: could not find `WindowBuilder` in `glutin`
[INFO] [stdout]   --> src/main.rs:19:27
[INFO] [stdout]    |
[INFO] [stdout] 19 |     let builder = glutin::WindowBuilder::new()
[INFO] [stdout]    |                           ^^^^^^^^^^^^^ not found in `glutin`
[INFO] [stdout]    |
[INFO] [stdout] help: consider importing this struct
[INFO] [stdout]    |
[INFO] [stdout] 8  | use glutin::window::WindowBuilder;
[INFO] [stdout]    |
[INFO] [stdout] 
[INFO] [stdout] 
[INFO] [stdout] error[E0433]: failed to resolve: could not find `Event` in `glutin`
[INFO] [stdout]   --> src/main.rs:31:25
[INFO] [stdout]    |
[INFO] [stdout] 31 |                 glutin::Event::KeyboardInput(_, _, Some(glutin::VirtualKeyCode::Escape)) |
[INFO] [stdout]    |                         ^^^^^ could not find `Event` in `glutin`
[INFO] [stdout] 
[INFO] [stdout] 
[INFO] [stdout] error[E0433]: failed to resolve: could not find `VirtualKeyCode` in `glutin`
[INFO] [stdout]   --> src/main.rs:31:65
[INFO] [stdout]    |
[INFO] [stdout] 31 |                 glutin::Event::KeyboardInput(_, _, Some(glutin::VirtualKeyCode::Escape)) |
[INFO] [stdout]    |                                                                 ^^^^^^^^^^^^^^ could not find `VirtualKeyCode` in `glutin`
[INFO] [stdout] 
[INFO] [stdout] 
[INFO] [stdout] error[E0433]: failed to resolve: could not find `Event` in `glutin`
[INFO] [stdout]   --> src/main.rs:32:25
[INFO] [stdout]    |
[INFO] [stdout] 32 |                 glutin::Event::Closed => break 'main,
[INFO] [stdout]    |                         ^^^^^ could not find `Event` in `glutin`
[INFO] [stdout] 
[INFO] [stdout] 
[INFO] [stdout] error[E0433]: failed to resolve: could not find `WindowBuilder` in `glutin`
[INFO] [stdout]   --> src/main.rs:19:27
[INFO] [stdout]    |
[INFO] [stdout] 19 |     let builder = glutin::WindowBuilder::new()
[INFO] [stdout]    |                           ^^^^^^^^^^^^^ not found in `glutin`
[INFO] [stdout]    |
[INFO] [stdout] help: consider importing this struct
[INFO] [stdout]    |
[INFO] [stdout] 8  | use glutin::window::WindowBuilder;
[INFO] [stdout]    |
[INFO] [stdout] 
[INFO] [stdout] 
[INFO] [stdout] error[E0061]: this function takes 3 arguments but 1 argument was supplied
[INFO] [stdout]   --> src/main.rs:24:9
[INFO] [stdout]    |
[INFO] [stdout] 24 |         gfx_window_glutin::init::<ColorFormat, DepthFormat>(builder);
[INFO] [stdout]    |         ^^^^^^^^^^^^^^^^^^^^^^^^^^^^^^^^^^^^^^^^^^^^^^^^^^^ ------- supplied 1 argument
[INFO] [stdout]    |         |
[INFO] [stdout]    |         expected 3 arguments
[INFO] [stdout] 
[INFO] [stdout] 
[INFO] [stdout] error[E0308]: mismatched types
[INFO] [stdout]   --> src/main.rs:23:9
[INFO] [stdout]    |
[INFO] [stdout] 23 |     let (window, mut device, mut factory, main_color, main_depth) =
[INFO] [stdout]    |         ^^^^^^^^^^^^^^^^^^^^^^^^^^^^^^^^^^^^^^^^^^^^^^^^^^^^^^^^^ expected enum `std::result::Result`, found tuple
[INFO] [stdout] 24 |         gfx_window_glutin::init::<ColorFormat, DepthFormat>(builder);
[INFO] [stdout]    |         ------------------------------------------------------------ this expression has type `std::result::Result<(glutin::windowed::ContextWrapper<glutin::context::PossiblyCurrent, winit::Window>, gfx_device_gl::Device, gfx_device_gl::Factory, RenderTargetView<gfx_device_gl::Resources, (gfx::format::R8_G8_B8_A8, gfx::format::Srgb)>, DepthStencilView<gfx_device_gl::Resources, (gfx::format::D24_S8, gfx::format::Unorm)>), glutin::CreationError>`
[INFO] [stdout]    |
[INFO] [stdout]    = note: expected enum `std::result::Result<(glutin::windowed::ContextWrapper<glutin::context::PossiblyCurrent, winit::Window>, gfx_device_gl::Device, gfx_device_gl::Factory, RenderTargetView<gfx_device_gl::Resources, (gfx::format::R8_G8_B8_A8, gfx::format::Srgb)>, DepthStencilView<gfx_device_gl::Resources, (gfx::format::D24_S8, gfx::format::Unorm)>), glutin::CreationError>`
[INFO] [stdout]              found tuple `(_, _, _, _, _)`
[INFO] [stdout] 
[INFO] [stdout] 
[INFO] [stdout] error[E0061]: this function takes 3 arguments but 1 argument was supplied
[INFO] [stdout]   --> src/main.rs:24:9
[INFO] [stdout]    |
[INFO] [stdout] 24 |         gfx_window_glutin::init::<ColorFormat, DepthFormat>(builder);
[INFO] [stdout]    |         ^^^^^^^^^^^^^^^^^^^^^^^^^^^^^^^^^^^^^^^^^^^^^^^^^^^ ------- supplied 1 argument
[INFO] [stdout]    |         |
[INFO] [stdout]    |         expected 3 arguments
[INFO] [stdout] 
[INFO] [stdout] 
[INFO] [stdout] error[E0308]: mismatched types
[INFO] [stdout]   --> src/main.rs:23:9
[INFO] [stdout]    |
[INFO] [stdout] 23 |     let (window, mut device, mut factory, main_color, main_depth) =
[INFO] [stdout]    |         ^^^^^^^^^^^^^^^^^^^^^^^^^^^^^^^^^^^^^^^^^^^^^^^^^^^^^^^^^ expected enum `std::result::Result`, found tuple
[INFO] [stdout] 24 |         gfx_window_glutin::init::<ColorFormat, DepthFormat>(builder);
[INFO] [stdout]    |         ------------------------------------------------------------ this expression has type `std::result::Result<(glutin::windowed::ContextWrapper<glutin::context::PossiblyCurrent, winit::Window>, gfx_device_gl::Device, gfx_device_gl::Factory, RenderTargetView<gfx_device_gl::Resources, (gfx::format::R8_G8_B8_A8, gfx::format::Srgb)>, DepthStencilView<gfx_device_gl::Resources, (gfx::format::D24_S8, gfx::format::Unorm)>), glutin::CreationError>`
[INFO] [stdout]    |
[INFO] [stdout]    = note: expected enum `std::result::Result<(glutin::windowed::ContextWrapper<glutin::context::PossiblyCurrent, winit::Window>, gfx_device_gl::Device, gfx_device_gl::Factory, RenderTargetView<gfx_device_gl::Resources, (gfx::format::R8_G8_B8_A8, gfx::format::Srgb)>, DepthStencilView<gfx_device_gl::Resources, (gfx::format::D24_S8, gfx::format::Unorm)>), glutin::CreationError>`
[INFO] [stdout]              found tuple `(_, _, _, _, _)`
[INFO] [stdout] 
[INFO] [stdout] 
[INFO] [stdout] error[E0599]: no method named `create_texture_const_u8` found for mutable reference `&mut F` in the current scope
[INFO] [stdout]   --> src/common.rs:17:29
[INFO] [stdout]    |
[INFO] [stdout] 17 |     let (_, view) = factory.create_texture_const_u8::<ColorFormat>(kind, &[&img]).unwrap();
[INFO] [stdout]    |                             ^^^^^^^^^^^^^^^^^^^^^^^ method not found in `&mut F`
[INFO] [stdout] 
[INFO] [stdout] 
[INFO] [stdout] error[E0599]: no method named `create_texture_const_u8` found for mutable reference `&mut F` in the current scope
[INFO] [stdout]   --> src/common.rs:17:29
[INFO] [stdout]    |
[INFO] [stdout] 17 |     let (_, view) = factory.create_texture_const_u8::<ColorFormat>(kind, &[&img]).unwrap();
[INFO] [stdout]    |                             ^^^^^^^^^^^^^^^^^^^^^^^ method not found in `&mut F`
[INFO] [stdout] 
[INFO] [stdout] 
[INFO] [stdout] warning: unused import: `gfx::Device`
[INFO] [stdout]  --> src/main.rs:8:5
[INFO] [stdout]   |
[INFO] [stdout] 8 | use gfx::Device;
[INFO] [stdout]   |     ^^^^^^^^^^^
[INFO] [stdout]   |
[INFO] [stdout]   = note: `#[warn(unused_imports)]` on by default
[INFO] [stdout] 
[INFO] [stdout] 
[INFO] [stdout] warning: unused import: `gfx::Device`
[INFO] [stdout]  --> src/main.rs:8:5
[INFO] [stdout]   |
[INFO] [stdout] 8 | use gfx::Device;
[INFO] [stdout]   |     ^^^^^^^^^^^
[INFO] [stdout]   |
[INFO] [stdout]   = note: `#[warn(unused_imports)]` on by default
[INFO] [stdout] 
[INFO] [stdout] 
[INFO] [stdout] error: aborting due to 9 previous errors; 1 warning emitted
[INFO] [stdout] 
[INFO] [stdout] 
[INFO] [stdout] Some errors have detailed explanations: E0061, E0308, E0432, E0433, E0599.
[INFO] [stdout] 
[INFO] [stdout] For more information about an error, try `rustc --explain E0061`.
[INFO] [stdout] 
[INFO] [stdout] error: aborting due to 9 previous errors; 1 warning emitted
[INFO] [stdout] 
[INFO] [stdout] 
[INFO] [stdout] Some errors have detailed explanations: E0061, E0308, E0432, E0433, E0599.
[INFO] [stdout] 
[INFO] [stdout] For more information about an error, try `rustc --explain E0061`.
[INFO] [stdout] 
[INFO] [stderr] error: could not compile `xondara`.
[INFO] [stderr] 
[INFO] [stderr] To learn more, run the command again with --verbose.
[INFO] [stderr] warning: build failed, waiting for other jobs to finish...
[INFO] [stderr] error: build failed
[INFO] running `Command { std: "docker" "inspect" "dfab62a82c63d96a0427c9a62a4a15a83a275f567318567a74ea176fdd3573e3", kill_on_drop: false }`
[INFO] running `Command { std: "docker" "rm" "-f" "dfab62a82c63d96a0427c9a62a4a15a83a275f567318567a74ea176fdd3573e3", kill_on_drop: false }`
[INFO] [stdout] dfab62a82c63d96a0427c9a62a4a15a83a275f567318567a74ea176fdd3573e3
